actors of r?
2, 13
Let j = -152 + -398. Let w = -825 - j. What are the prime factors of (w/(-44))/(2/8)?
5
Suppose 3*c + 971 = 2*k - 523, -5*k = -3*c - 3744. List the prime factors of k.
2, 3, 5
Let k = 1742 + -1231. List the prime factors of k.
7, 73
Suppose -3*u - 2 + 26 = 0. Let t = u + 3. Let s(j) = -j**2 + 17*j - 10. List the prime factors of s(t).
2, 7
Let y be 4 - (-550)/(25/(-5)). Let u = 153 + y. What are the prime factors of u?
47
Let l = 93 + -142. Let z = -13 - l. List the prime factors of z + 1 - (-3)/(-3).
2, 3
Suppose -7*x + 945 - 7 = 0. What are the prime factors of x?
2, 67
Suppose 7 = 2*u - q, 18 = 2*u + u + q. Suppose 0 = -2*j + 4*o + 138, 136 = 2*j - 0*o - u*o. What are the prime factors of j?
73
Suppose 4*p + 6 + 11 = 3*s, 5*p = 4*s - 22. Let a(o) = -6*o. What are the prime factors of a(p)?
2, 3
Let j = -24 + 24. Let t(u) = 24*u - 3. Let z be t(4). Suppose -7*y + 4*y + z = j. What are the prime factors of y?
31
Let k be 1/(-5) - 5310/(-50). Let v = k + -58. What are the prime factors of v?
2, 3
Let p(a) = -25*a - 7. Let y(b) = b - 1. Let l(h) = -p(h) + y(h). List the prime factors of l(2).
2, 29
Suppose -2*y + 18 = -3*g, 35*g - 22 = -4*y + 34*g. Let s(h) = h**2 - 2*h - 6. Let z be s(6). Suppose 3*p - z = y. What are the prime factors of p?
2
Let a(z) = 3*z**2 - 20*z - 5. Let i be a(7). List the prime factors of ((-33)/i)/(7/(-14)).
3, 11
Let r = 11240 + -7608. List the prime factors of r.
2, 227
Suppose 4*i - 4*y = 4336, 3*i = y - 1392 + 4640. What are the prime factors of i?
2, 541
Suppose x = -4*f + 755, 2*x - 294 - 1226 = -3*f. What are the prime factors of x?
7, 109
Let c(l) = 4*l + 3. Let x = -4 + 12. Suppose g = -n - 0*g + x, 5*n = 5*g. List the prime factors of c(n).
19
Suppose 0 = 5*r - i - 14837, -9*i = -3*r - 7*i + 8905. What are the prime factors of r?
3, 23, 43
Let r be 318/8 - (-5)/20. Suppose 3*q - 6*q = 2*u + 12, 4*q + 16 = 4*u. Suppose m - 100 = -5*w, -2*w - 2*m = -u*w - r. List the prime factors of w.
2, 5
Let p = 10612 - 6917. List the prime factors of p.
5, 739
Suppose -6*y = -7*y + 24. What are the prime factors of ((-976)/y)/((-2)/3)?
61
Suppose -10 = -5*q, w + 5*q - 1744 = -0*q. What are the prime factors of w?
2, 3, 17
Let i(m) = -3*m**2 - 2*m - 59. Let z(t) = -7*t**2 - 4*t - 117. Let s(n) = -5*i(n) + 2*z(n). What are the prime factors of s(0)?
61
Let s(d) = d**3 + 3*d**2 - 8*d + 20. What are the prime factors of s(13)?
2, 5, 131
Let o(r) = 2*r**2 - 2*r + 1. Let t be (10 + -1)*(-12)/(-18). List the prime factors of o(t).
61
Let i(p) = -15*p - 77. What are the prime factors of i(-11)?
2, 11
Let x = 36 - 33. Suppose 9*a - 300 = x*a. List the prime factors of a.
2, 5
Suppose 0 = -10*s - 4*s - 13482. Let g = -685 - s. What are the prime factors of g?
2, 139
Suppose -1496 = 22*l - 26*l + p, -5*p = 0. What are the prime factors of l?
2, 11, 17
Let o(u) be the second derivative of -10*u**3/3 + u**2 - 7*u. Let k be o(-1). Suppose 4*n - 2*n - 4*s - k = 0, 4*n + s = 17. What are the prime factors of n?
5
Let p = 1028 + -590. What are the prime factors of (-4 + 5 - 2)/((-2)/p)?
3, 73
Let q = 1244 + -620. List the prime factors of q.
2, 3, 13
Let w(y) = -5*y**2 + y - 8. Let o(u) = 3*u**2 - u + 4. Let h(s) = -7*o(s) - 4*w(s). Let c(i) = -13*i - 10. Let k be c(-1). List the prime factors of h(k).
2
List the prime factors of 6 + (3486/18)/((-3)/(-27)).
3, 11, 53
Suppose -4*o - 1487 = -3*g, 3*g - 1989 = -2*o - 532. What are the prime factors of g?
3, 163
Let t(s) = 3*s - 1. Let d be (2 - (2 - 0)) + 5. Let n be t(d). Let c = n + 11. List the prime factors of c.
5
Let z = -612 + 1729. Suppose 0 = 8*t - 275 - z. List the prime factors of t.
2, 3, 29
Let f(j) = 12*j**2 + 5*j + 3. Let c be f(-3). Suppose 4*a + c + 16 = 0. Let b = -17 - a. List the prime factors of b.
11
Let x = 247 - -251. What are the prime factors of x?
2, 3, 83
Let j = -52 + 205. What are the prime factors of j?
3, 17
Let o be (0 + -17)*(-4 + 10 + -5). Suppose -4*s - 24 = -s. Let j = s - o. List the prime factors of j.
3
Let d = 5 - -5. Suppose 0 = -0*s + s + 15. What are the prime factors of (-3)/s - (-198)/d?
2, 5
Suppose -10192 = 186*z - 193*z. What are the prime factors of z?
2, 7, 13
Suppose -d - 330 + 336 = 0. Suppose -6*p + p + 3*j = -1266, -d = -2*j. What are the prime factors of p?
3, 5, 17
Suppose 118 = -6*k + 8974. List the prime factors of k.
2, 3, 41
What are the prime factors of (55/(-20) - -3)/(1/1348)?
337
Suppose 5*l = 29*l - 21144. List the prime factors of l.
881
Let g(b) = 34*b - 5. Let d be g(-1). What are the prime factors of (-28)/3*d/2?
2, 7, 13
Let w = -152 + 202. What are the prime factors of 4 - w*(0 + -3)?
2, 7, 11
Suppose 0 = -9*t + 6*t + 21. Suppose 2*z + t = -5*h, 3*z - 2*h = -0*z - 1. What are the prime factors of (0 - -26)/((-2)/z)?
13
Suppose -4*r + 73 + 35 = l, 0 = 4*l. Let q = r + -4. List the prime factors of q.
23
What are the prime factors of (1 + 712)*25/5?
5, 23, 31
Let p be (1 - 2)*1 - -3. Let i be 10*p/20*4. Suppose 0 = -i*a + 24 + 60. List the prime factors of a.
3, 7
Let h(u) = -51*u - 12. Let k = 138 - 144. List the prime factors of h(k).
2, 3, 7
Let u(m) = -2*m - 14. Let w be u(-10). Let j(q) = -w*q**2 + 0*q**2 - 6 + 4*q**2 + 3*q**2. List the prime factors of j(5).
19
Let n = 44 + -15. Let f = 21 - n. Let s(b) = -b**2 - 10*b + 11. What are the prime factors of s(f)?
3
Let r = 7866 + -5409. List the prime factors of r.
3, 7, 13
Let z(p) = p**3 + 10*p**2 - 15*p + 6. Let t be z(-11). Suppose t*k = 53*k - 390. What are the prime factors of k?
2, 5, 13
Let x(g) be the second derivative of g**4/2 + g**3/3 - g. Let w be (-7)/((952/24)/(-17)). List the prime factors of x(w).
2, 3, 5
Let z(s) = 77*s - 5. Let i(d) = -1. Let j(y) = 4*i(y) - z(y). Let p be j(-3). Suppose -2*c = 3*b - 156, -5*c = -2*c + 4*b - p. List the prime factors of c.
2, 3
Let a(n) = -n**3 + 7*n**2 + 4*n + 6. Let z = -18 - -27. Let d be a(z). What are the prime factors of (d/(-25))/((-1)/(-5))?
2, 3
Let w be -3 + (23 - (4 + 0)). Let n = w - 4. What are the prime factors of 502/n + (-2)/(-12)?
2, 3, 7
Suppose 9 = -4*y - 3. Let d be ((-2)/3 + -3)*y. What are the prime factors of 156/11 - 2/d?
2, 7
Suppose k = -5*k. Suppose 86 = 2*c - k*c. Suppose -l + c = 2*d, -5*l + d + 0*d = -204. What are the prime factors of l?
41
Suppose 0 = 2*y - y - 15. Suppose -r - 2 - 3 = q, -y = 3*q. Suppose 5*o + 2*h - 4*h - 119 = 0, r = -2*o + 2*h + 50. List the prime factors of o.
23
Let g(w) = -w**3 + 6*w**2 - 3*w - 2. Let v(r) be the second derivative of -r**4/12 - 5*r**3/6 - 4*r. Let z be v(-4). What are the prime factors of g(z)?
2, 3
Let j(y) = -y**3 - 12*y**2 + 13*y + 7. Let g be j(-13). Suppose -115 = -6*w - g. List the prime factors of w.
2, 3
Suppose -61*v = -46*v - 32010. What are the prime factors of v?
2, 11, 97
Let j(b) = -b**3 - 10*b**2 - b - 5. Let w be j(-10). Suppose 3*s - w*s = 0. Suppose 20 = -s*c + c. List the prime factors of c.
2, 5
Let k be (-4)/(3 - 1)*(-26)/(-4). Let d = 24 + k. What are the prime factors of d?
11
Let w = 43 - 71. Suppose 144 = -6*r + 9*r. Let b = w + r. List the prime factors of b.
2, 5
Let r(j) = j**3 - j - 1. Let h(c) = 75*c**3 - 4*c - 3. Let s(k) = h(k) - 3*r(k). List the prime factors of s(1).
71
Suppose -8 + 2 = -3*g. Suppose -3*j + j - g = 2*v, 3*j = -v + 3. Suppose -t + 14 = -j*f - 8, f = -t + 34. What are the prime factors of t?
2, 3, 5
Suppose 0 = -2*v + 9 - 3. Let p(b) = 2*b**2 + b - 4. List the prime factors of p(v).
17
Suppose 18*k - 56301 = 32421. List the prime factors of k.
3, 31, 53
Suppose -73*x + 109190 = -12*x. List the prime factors of x.
2, 5, 179
Let b = 1205 - 221. List the prime factors of b.
2, 3, 41
Let b(g) = -g**3 + 3*g**2 + 2*g. Let d be b(-2). Suppose 4*w + 0*w = -d. List the prime factors of 4/((-16)/(-180)) - w.
7
List the prime factors of 0 + 37 + (-208)/(-26).
3, 5
Let g = 1826 + -824. List the prime factors of g.
2, 3, 167
Suppose z - 21 = 16. Let o = z - 5. List the prime factors of o.
2
Let o = 700 - -292. List the prime factors of o.
2, 31
Suppose 0 = 3*x + 2*x - 35. Let g be ((-3)/(-2))/(-3)*0. Suppose g = h - x - 1. List the prime factors of h.
2
Let t be ((-21)/(-28))/(1/100). Let r = t - 12. What are the prime factors of r?
3, 7
Let v(i) = i**3 - 4*i**2 - i + 4. Let g be v(4). Su